{"id":323,"date":"2021-02-26T09:57:43","date_gmt":"2021-02-26T12:57:43","guid":{"rendered":"https:\/\/zurbaran.com.ar\/artistas\/agustinvinas\/?page_id=323"},"modified":"2024-05-14T18:24:39","modified_gmt":"2024-05-14T21:24:39","slug":"obras-recientes","status":"publish","type":"page","link":"https:\/\/zurbaran.com.ar\/artistas\/agustinvinas\/obras-recientes\/","title":{"rendered":"Obras recientes"},"content":{"rendered":"","protected":false},"excerpt":{"rendered":"","protected":false},"author":1,"featured_media":0,"parent":0,"menu_order":0,"comment_status":"closed","ping_status":"closed","template":"","meta":{"inline_featured_image":false,"_joinchat":{"telephone":"+541141709419"},"footnotes":""},"yoast_head":"<!-- This site is optimized with the Yoast SEO plugin v21.0 - https:\/\/yoast.com\/wordpress\/plugins\/seo\/ -->\n<title>Agust\u00edn Vi\u00f1as - Zurbar\u00e1n - Obras recientes<\/title>\n<meta name=\"description\" content=\"Agust\u00edn Vi\u00f1as naci\u00f3 el 17 de mayo de 1974. Vive y trabaja en la ciudad de La Plata. Su vocaci\u00f3n art\u00edstica naci\u00f3 a temprana edad, y a los 11 a\u00f1os, en un concurso de pintura infantil, recibe el primero de una larga lista de premios que se suceden hasta hoy. Es Bi\u00f3logo con orientaci\u00f3n en ecolog\u00eda, egresado de la Universidad Nacional de La Plata.\" \/>\n<meta name=\"robots\" content=\"index, follow, max-snippet:-1, max-image-preview:large, max-video-preview:-1\" \/>\n<link rel=\"canonical\" href=\"https:\/\/zurbaran.com.ar\/artistas\/agustinvinas\/obras-recientes\/\" \/>\n<meta property=\"og:locale\" content=\"es_ES\" \/>\n<meta property=\"og:type\" content=\"article\" \/>\n<meta property=\"og:title\" content=\"Agust\u00edn Vi\u00f1as - Zurbar\u00e1n - Obras recientes\" \/>\n<meta property=\"og:description\" content=\"Agust\u00edn Vi\u00f1as naci\u00f3 el 17 de mayo de 1974. Vive y trabaja en la ciudad de La Plata. Su vocaci\u00f3n art\u00edstica naci\u00f3 a temprana edad, y a los 11 a\u00f1os, en un concurso de pintura infantil, recibe el primero de una larga lista de premios que se suceden hasta hoy. Es Bi\u00f3logo con orientaci\u00f3n en ecolog\u00eda, egresado de la Universidad Nacional de La Plata.\" \/>\n<meta property=\"og:url\" content=\"https:\/\/zurbaran.com.ar\/artistas\/agustinvinas\/obras-recientes\/\" \/>\n<meta property=\"og:site_name\" content=\"Agust\u00edn Vi\u00f1as\" \/>\n<meta property=\"article:modified_time\" content=\"2024-05-14T21:24:39+00:00\" \/>\n<meta name=\"twitter:card\" content=\"summary_large_image\" \/>\n<script type=\"application\/ld+json\" class=\"yoast-schema-graph\">{\"@context\":\"https:\/\/schema.org\",\"@graph\":[{\"@type\":\"WebPage\",\"@id\":\"https:\/\/zurbaran.com.ar\/artistas\/agustinvinas\/obras-recientes\/\",\"url\":\"https:\/\/zurbaran.com.ar\/artistas\/agustinvinas\/obras-recientes\/\",\"name\":\"Agust\u00edn Vi\u00f1as - Zurbar\u00e1n - Obras recientes\",\"isPartOf\":{\"@id\":\"https:\/\/zurbaran.com.ar\/artistas\/agustinvinas\/#website\"},\"datePublished\":\"2021-02-26T12:57:43+00:00\",\"dateModified\":\"2024-05-14T21:24:39+00:00\",\"description\":\"Agust\u00edn Vi\u00f1as naci\u00f3 el 17 de mayo de 1974. Vive y trabaja en la ciudad de La Plata. Su vocaci\u00f3n art\u00edstica naci\u00f3 a temprana edad, y a los 11 a\u00f1os, en un concurso de pintura infantil, recibe el primero de una larga lista de premios que se suceden hasta hoy. Es Bi\u00f3logo con orientaci\u00f3n en ecolog\u00eda, egresado de la Universidad Nacional de La Plata.\",\"breadcrumb\":{\"@id\":\"https:\/\/zurbaran.com.ar\/artistas\/agustinvinas\/obras-recientes\/#breadcrumb\"},\"inLanguage\":\"es-AR\",\"potentialAction\":[{\"@type\":\"ReadAction\",\"target\":[\"https:\/\/zurbaran.com.ar\/artistas\/agustinvinas\/obras-recientes\/\"]}]},{\"@type\":\"BreadcrumbList\",\"@id\":\"https:\/\/zurbaran.com.ar\/artistas\/agustinvinas\/obras-recientes\/#breadcrumb\",\"itemListElement\":[{\"@type\":\"ListItem\",\"position\":1,\"name\":\"Inicio\",\"item\":\"https:\/\/zurbaran.com.ar\/artistas\/agustinvinas\/\"},{\"@type\":\"ListItem\",\"position\":2,\"name\":\"Obras recientes\"}]},{\"@type\":\"WebSite\",\"@id\":\"https:\/\/zurbaran.com.ar\/artistas\/agustinvinas\/#website\",\"url\":\"https:\/\/zurbaran.com.ar\/artistas\/agustinvinas\/\",\"name\":\"Agust\u00edn Vi\u00f1as\",\"description\":\"Zurbar\u00e1n, El Arte de los Argentinos\",\"publisher\":{\"@id\":\"https:\/\/zurbaran.com.ar\/artistas\/agustinvinas\/#organization\"},\"potentialAction\":[{\"@type\":\"SearchAction\",\"target\":{\"@type\":\"EntryPoint\",\"urlTemplate\":\"https:\/\/zurbaran.com.ar\/artistas\/agustinvinas\/?s={search_term_string}\"},\"query-input\":\"required name=search_term_string\"}],\"inLanguage\":\"es-AR\"},{\"@type\":\"Organization\",\"@id\":\"https:\/\/zurbaran.com.ar\/artistas\/agustinvinas\/#organization\",\"name\":\"Zurbar\u00e1n - Agustin Vi\u00f1as\",\"url\":\"https:\/\/zurbaran.com.ar\/artistas\/agustinvinas\/\",\"logo\":{\"@type\":\"ImageObject\",\"inLanguage\":\"es-AR\",\"@id\":\"https:\/\/zurbaran.com.ar\/artistas\/agustinvinas\/#\/schema\/logo\/image\/\",\"url\":\"https:\/\/zurbaran.com.ar\/artistas\/agustinvinas\/wp-content\/uploads\/sites\/2\/2021\/02\/agustin_vinas-1.jpg\",\"contentUrl\":\"https:\/\/zurbaran.com.ar\/artistas\/agustinvinas\/wp-content\/uploads\/sites\/2\/2021\/02\/agustin_vinas-1.jpg\",\"width\":700,\"height\":467,\"caption\":\"Zurbar\u00e1n - Agustin Vi\u00f1as\"},\"image\":{\"@id\":\"https:\/\/zurbaran.com.ar\/artistas\/agustinvinas\/#\/schema\/logo\/image\/\"}}]}<\/script>\n<!-- \/ Yoast SEO plugin. -->","yoast_head_json":{"title":"Agust\u00edn Vi\u00f1as - Zurbar\u00e1n - Obras recientes","description":"Agust\u00edn Vi\u00f1as naci\u00f3 el 17 de mayo de 1974. Vive y trabaja en la ciudad de La Plata. Su vocaci\u00f3n art\u00edstica naci\u00f3 a temprana edad, y a los 11 a\u00f1os, en un concurso de pintura infantil, recibe el primero de una larga lista de premios que se suceden hasta hoy. Es Bi\u00f3logo con orientaci\u00f3n en ecolog\u00eda, egresado de la Universidad Nacional de La Plata.","robots":{"index":"index","follow":"follow","max-snippet":"max-snippet:-1","max-image-preview":"max-image-preview:large","max-video-preview":"max-video-preview:-1"},"canonical":"https:\/\/zurbaran.com.ar\/artistas\/agustinvinas\/obras-recientes\/","og_locale":"es_ES","og_type":"article","og_title":"Agust\u00edn Vi\u00f1as - Zurbar\u00e1n - Obras recientes","og_description":"Agust\u00edn Vi\u00f1as naci\u00f3 el 17 de mayo de 1974. Vive y trabaja en la ciudad de La Plata. Su vocaci\u00f3n art\u00edstica naci\u00f3 a temprana edad, y a los 11 a\u00f1os, en un concurso de pintura infantil, recibe el primero de una larga lista de premios que se suceden hasta hoy. Es Bi\u00f3logo con orientaci\u00f3n en ecolog\u00eda, egresado de la Universidad Nacional de La Plata.","og_url":"https:\/\/zurbaran.com.ar\/artistas\/agustinvinas\/obras-recientes\/","og_site_name":"Agust\u00edn Vi\u00f1as","article_modified_time":"2024-05-14T21:24:39+00:00","twitter_card":"summary_large_image","schema":{"@context":"https:\/\/schema.org","@graph":[{"@type":"WebPage","@id":"https:\/\/zurbaran.com.ar\/artistas\/agustinvinas\/obras-recientes\/","url":"https:\/\/zurbaran.com.ar\/artistas\/agustinvinas\/obras-recientes\/","name":"Agust\u00edn Vi\u00f1as - Zurbar\u00e1n - Obras recientes","isPartOf":{"@id":"https:\/\/zurbaran.com.ar\/artistas\/agustinvinas\/#website"},"datePublished":"2021-02-26T12:57:43+00:00","dateModified":"2024-05-14T21:24:39+00:00","description":"Agust\u00edn Vi\u00f1as naci\u00f3 el 17 de mayo de 1974. Vive y trabaja en la ciudad de La Plata. Su vocaci\u00f3n art\u00edstica naci\u00f3 a temprana edad, y a los 11 a\u00f1os, en un concurso de pintura infantil, recibe el primero de una larga lista de premios que se suceden hasta hoy. Es Bi\u00f3logo con orientaci\u00f3n en ecolog\u00eda, egresado de la Universidad Nacional de La Plata.","breadcrumb":{"@id":"https:\/\/zurbaran.com.ar\/artistas\/agustinvinas\/obras-recientes\/#breadcrumb"},"inLanguage":"es-AR","potentialAction":[{"@type":"ReadAction","target":["https:\/\/zurbaran.com.ar\/artistas\/agustinvinas\/obras-recientes\/"]}]},{"@type":"BreadcrumbList","@id":"https:\/\/zurbaran.com.ar\/artistas\/agustinvinas\/obras-recientes\/#breadcrumb","itemListElement":[{"@type":"ListItem","position":1,"name":"Inicio","item":"https:\/\/zurbaran.com.ar\/artistas\/agustinvinas\/"},{"@type":"ListItem","position":2,"name":"Obras recientes"}]},{"@type":"WebSite","@id":"https:\/\/zurbaran.com.ar\/artistas\/agustinvinas\/#website","url":"https:\/\/zurbaran.com.ar\/artistas\/agustinvinas\/","name":"Agust\u00edn Vi\u00f1as","description":"Zurbar\u00e1n, El Arte de los Argentinos","publisher":{"@id":"https:\/\/zurbaran.com.ar\/artistas\/agustinvinas\/#organization"},"potentialAction":[{"@type":"SearchAction","target":{"@type":"EntryPoint","urlTemplate":"https:\/\/zurbaran.com.ar\/artistas\/agustinvinas\/?s={search_term_string}"},"query-input":"required name=search_term_string"}],"inLanguage":"es-AR"},{"@type":"Organization","@id":"https:\/\/zurbaran.com.ar\/artistas\/agustinvinas\/#organization","name":"Zurbar\u00e1n - Agustin Vi\u00f1as","url":"https:\/\/zurbaran.com.ar\/artistas\/agustinvinas\/","logo":{"@type":"ImageObject","inLanguage":"es-AR","@id":"https:\/\/zurbaran.com.ar\/artistas\/agustinvinas\/#\/schema\/logo\/image\/","url":"https:\/\/zurbaran.com.ar\/artistas\/agustinvinas\/wp-content\/uploads\/sites\/2\/2021\/02\/agustin_vinas-1.jpg","contentUrl":"https:\/\/zurbaran.com.ar\/artistas\/agustinvinas\/wp-content\/uploads\/sites\/2\/2021\/02\/agustin_vinas-1.jpg","width":700,"height":467,"caption":"Zurbar\u00e1n - Agustin Vi\u00f1as"},"image":{"@id":"https:\/\/zurbaran.com.ar\/artistas\/agustinvinas\/#\/schema\/logo\/image\/"}}]}},"_links":{"self":[{"href":"https:\/\/zurbaran.com.ar\/artistas\/agustinvinas\/wp-json\/wp\/v2\/pages\/323"}],"collection":[{"href":"https:\/\/zurbaran.com.ar\/artistas\/agustinvinas\/wp-json\/wp\/v2\/pages"}],"about":[{"href":"https:\/\/zurbaran.com.ar\/artistas\/agustinvinas\/wp-json\/wp\/v2\/types\/page"}],"author":[{"embeddable":true,"href":"https:\/\/zurbaran.com.ar\/artistas\/agustinvinas\/wp-json\/wp\/v2\/users\/1"}],"replies":[{"embeddable":true,"href":"https:\/\/zurbaran.com.ar\/artistas\/agustinvinas\/wp-json\/wp\/v2\/comments?post=323"}],"version-history":[{"count":1,"href":"https:\/\/zurbaran.com.ar\/artistas\/agustinvinas\/wp-json\/wp\/v2\/pages\/323\/revisions"}],"predecessor-version":[{"id":324,"href":"https:\/\/zurbaran.com.ar\/artistas\/agustinvinas\/wp-json\/wp\/v2\/pages\/323\/revisions\/324"}],"wp:attachment":[{"href":"https:\/\/zurbaran.com.ar\/artistas\/agustinvinas\/wp-json\/wp\/v2\/media?parent=323"}],"curies":[{"name":"wp","href":"https:\/\/api.w.org\/{rel}","templated":true}]}}